ommon divisor of 590 and 10?
10
Calculate the highest common factor of 62 and 1054.
62
Calculate the greatest common divisor of 884 and 39.
13
Calculate the highest common factor of 10 and 230.
10
Calculate the greatest common divisor of 258 and 430.
86
Calculate the greatest common factor of 445 and 10.
5
What is the greatest common divisor of 144 and 192?
48
Calculate the highest common divisor of 1253 and 7.
7
Calculate the greatest common divisor of 11008 and 86.
86
What is the highest common factor of 2158 and 91?
13
What is the greatest common divisor of 5 and 115?
5
What is the greatest common factor of 9 and 2763?
9
What is the highest common factor of 56931 and 21?
21
What is the highest common factor of 29025 and 129?
129
What is the highest common divisor of 162 and 90?
18
Calculate the greatest common divisor of 1343 and 17.
17
What is the greatest common divisor of 3465 and 21?
21
What is the highest common divisor of 1024 and 80?
16
What is the greatest common divisor of 19 and 76?
19
What is the greatest common factor of 240 and 400?
80
Calculate the greatest common factor of 42 and 13440.
42
What is the greatest common factor of 350 and 14?
14
What is the highest common factor of 70 and 150?
10
What is the highest common factor of 13 and 351?
13
What is the highest common divisor of 168 and 63?
21
What is the greatest common factor of 240 and 128?
16
Calculate the greatest common factor of 101 and 12827.
101
Calculate the highest common factor of 48 and 48.
48
Calculate the highest common factor of 1725 and 255.
15
Calculate the highest common factor of 68 and 119.
17
Calculate the highest common factor of 1 and 6768.
1
Calculate the highest common factor of 415 and 1743.
83
What is the greatest common divisor of 32 and 2984?
8
Calculate the greatest common divisor of 276 and 368.
92
Calculate the highest common divisor of 304 and 256.
16
Calculate the highest common factor of 339 and 3.
3
What is the greatest common factor of 1710 and 90?
90
What is the highest common divisor of 297 and 231?
33
What is the highest common divisor of 166 and 24319?
83
Calculate the greatest common divisor of 264 and 429.
33
Calculate the highest common factor of 1132 and 6509.
283
What is the highest common factor of 4 and 12?
4
Calculate the highest common factor of 2 and 538.
2
What is the highest common factor of 508 and 26162?
254
Calculate the greatest common divisor of 115 and 161.
23
What is the highest common factor of 81 and 153?
9
What is the greatest common factor of 206 and 2?
2
What is the greatest common divisor of 546 and 42?
42
Calculate the highest common factor of 86 and 7611.
43
What is the highest common divisor of 3825 and 85?
85
What is the highest common divisor of 1331 and 22?
11
What is the greatest common factor of 35 and 3280?
5
What is the highest common factor of 170 and 51?
17
Calculate the highest common factor of 8128 and 635.
127
Calculate the highest common divisor of 784 and 16.
16
What is the greatest common divisor of 18 and 333?
9
What is the highest common factor of 80 and 220?
20
Calculate the highest common factor of 22 and 64.
2
Calculate the highest common factor of 940 and 2115.
235
What is the greatest common divisor of 274 and 8?
2
Calculate the greatest common divisor of 260 and 208.
52
Calculate the greatest common factor of 515 and 20.
5
What is the greatest common divisor of 13135 and 185?
185
What is the highest common factor of 2 and 673?
1
Calculate the greatest common divisor of 1332 and 8.
4
Calculate the highest common divisor of 183 and 7747.
61
Calculate the highest common divisor of 3074 and 377.
29
Calculate the highest common factor of 164 and 779.
41
Calculate the greatest common factor of 1 and 49.
1
What is the highest common divisor of 27 and 45?
9
Calculate the greatest common divisor of 116 and 174.
58
What is the greatest common divisor of 540 and 12?
12
Calculate the greatest common factor of 98 and 686.
98
Calculate the highest common factor of 244 and 9882.
122
Calculate the highest common factor of 110 and 715.
55
What is the greatest common divisor of 5 and 155?
5
What is the highest common divisor of 1498 and 28?
14
What is the greatest common factor of 221 and 52?
13
What is the highest common factor of 15875 and 127?
127
What is the highest common factor of 71369 and 29?
29
What is the highest common factor of 84 and 168?
84
What is the highest common divisor of 2624 and 451?
41
Calculate the greatest common factor of 13124 and 8.
4
Calculate the greatest common divisor of 5 and 2045.
5
What is the greatest common factor of 504 and 1827?
63
What is the highest common divisor of 40 and 200?
40
Calculate the greatest common factor of 1495 and 156.
13
What is the highest common divisor of 559 and 43?
43
Calculate the greatest common factor of 3528 and 36.
36
What is the highest common divisor of 96 and 2656?
32
What is the greatest common factor of 782 and 34?
34
What is the greatest common divisor of 3927 and 66?
33
Calculate the greatest common divisor of 540 and 300.
60
What is the greatest common divisor of 54 and 30?
6
Calculate the greatest common divisor of 680 and 85.
85
Calculate the greatest common factor of 73 and 6935.
73
Calculate the greatest common factor of 2816 and 448.
64
What is the greatest common divisor of 20 and 785?
5
What is the greatest common factor of 104 and 128?
8
Calculate the greatest common divisor of 30 and 20.
10
What is the highest common divisor of 64 and 48?
16
Calculate the highest common divisor of 891 and 132.
33
What is the greatest common factor of 22 and 682?
22
Calculate the greatest common factor of 10 and 20.
10
Calculate the greatest common divisor of 26 and 112.
2
What is the highest common factor of 11 and 22?
11
What is the greatest common divisor of 9 and 615?
3
Calculate the highest common divisor of 136 and 40.
8
What is the greatest common factor of 2241 and 83?
83
Calculate the greatest common factor of 6024 and 72.
24
What is the greatest common factor of 27 and 2?
1
What is the highest common divisor of 2139 and 465?
93
What is the highest common factor of 230 and 138?
46
What is the highest common factor of 336 and 35?
7
Calculate the greatest common divisor of 48 and 276.
12
What is the greatest common divisor of 2780 and 139?
139
Calculate the greatest common factor of 36 and 306.
18
What is the highest common factor of 4653 and 990?
99
What is the greatest common factor of 20 and 1040?
20
Calculate the highest common factor of 35585 and 55.
55
Calculate the greatest common divisor of 7 and 371.
7
What is the highest common factor of 14 and 742?
14
What is the greatest common factor of 4491 and 9?
9
What is the highest common divisor of 192 and 320?
64
What is the highest common factor of 189 and 105?
21
Calculate the highest common divisor of 43974 and 126.
126
What is the highest common divisor of 80 and 265?
5
What is the highest common divisor of 1232 and 1760?
176
Calculate the highest common factor of 551 and 116.
29
Calculate the greatest common factor of 165 and 3.
3
Calculate the greatest common divisor of 168 and 224.
56
Calculate the highest common factor of 750 and 30.
30
Calculate the highest common factor of 53988 and 44.
44
What is the highest common divisor of 88 and 77?
11
Calculate the highest common factor of 940 and 141.
47
Calculate the greatest common divisor of 11 and 913.
11
What is the highest common factor of 35 and 294?
7
Calculate the highest common divisor of 19 and 2641.
19
What is the highest common factor of 2429 and 6593?
347
What is the highest common divisor of 676 and 2444?
52
What is the highest common factor of 7 and 10143?
7
Calculate the highest common divisor of 3129 and 21.
21
Calculate the greatest common divisor of 476 and 112.
28
Calculate the highest common divisor of 286 and 374.
22
Calculate the greatest common divisor of 222 and 259.
37
What is the highest common divisor of 8881 and 214?
107
Calculate the greatest common divisor of 11 and 3.
1
Calculate the highest common factor of 28 and 7.
7
What is the highest common factor of 9344 and 512?
128
Calculate the greatest common factor of 323 and 85.
17
Calculate the greatest common divisor of 2640 and 66.
66
Wha